 be (-4)/(-14) + (-216)/(-28). Suppose -k = -4*j + 8. Suppose w = 2*w + 3*q + 3, j*w = -4*q + 4. Determine s(w).
-5
Let j(y) = y**3 + 4*y**2 - y - 5. Let x be (-49)/(-28) - (-2)/8. Suppose 0*q = x*q. Suppose q*n + 12 = -3*n. Give j(n).
-1
Let g(j) = -j**3 - 6*j**2 - j. Let z(d) be the second derivative of 3*d**5/20 + 17*d**4/12 + d**3/2 - d**2/2 - d. Let w(k) = -17*g(k) - 6*z(k). What is w(0)?
6
Let w(j) be the third derivative of j**5/12 - j**4/12 - j**3/6 - j**2. Let s be 2 - 5/5 - 2. What is w(s)?
6
Let i(j) be the first derivative of j**3/3 + 5*j**2/2 - 5*j - 5. What is i(-5)?
-5
Let i(w) = w**2 - 2*w - 1. Let a be ((-15)/10)/((-3)/(-4)). Let s be (3 + a)/((-1)/(-5)). Let q = s + -1. Determine i(q).
7
Let w(s) = -s + 3. Let u(p) = -p. Let j(d) = -2*u(d) + w(d). Let t(i) = 2*i - i - 1 + 3. Let h(q) = 5*j(q) - 6*t(q). Determine h(6).
-3
Let y(q) = 5*q + 1. Let o(j) = j**2 + 14*j + 15. Let m be o(-13). What is y(m)?
11
Let t(o) = o - 10 - 5*o + 2*o. What is t(-7)?
4
Let y be (3 + -12)*3/(-9). Let j(t) = -3*t**2 - 2 - 4*t**y - t**3 + 5*t**3 - t**3 - 3*t. Let s = -3 - -1. What is j(s)?
0
Let s(r) = -5*r + 1. Let l be s(1). Let x be 1*2 + 2 + -1. Let g(c) = 3*c - 5*c**2 + c**x + 10*c**2 + c + 6. What is g(l)?
6
Let v(p) = p + 4. Let c = 61 + -65. What is v(c)?
0
Suppose 20*i - 14 = 22*i. Let s(v) = -v**3 - 6*v**2 + 4*v - 10. Calculate s(i).
11
Let y(v) = v**2 - 2. Let n be y(-2). Let r(m) = 2*m**2 + 2*m**n - m - 2*m**2 + 11 - 12. What is r(-1)?
2
Let x(q) = -2*q**2 - q + 1. Let b(g) = g**3 + 11*g**2 - 11*g + 13. Let v be b(-12). Calculate x(v).
-2
Let q(v) be the third derivative of -v**6/120 - v**5/15 + v**4/4 + v**3/2 + 7*v**2. Let r = 17 - 12. Suppose l - 2*l = r. Determine q(l).
-2
Let b = -9 - -28. Suppose 0 = -5*x + b + 11. Let q(o) = o**3 - 6*o**2 + 5. Calculate q(x).
5
Let m(q) = 3*q + 5. Let j(k) = -3*k - 4*k - 9 - 2 + 2. Let z(s) = 2*j(s) + 5*m(s). What is z(-5)?
2
Let t(b) be the second derivative of b**4/12 + 5*b**3/6 + b**2 - 10*b. Suppose 0*y = 3*y + 9. Give t(y).
-4
Let a = 7 - 3. Suppose 2*j + 10 = 4*t, 7 = 3*t - a*j + 2. Let x(f) = f - 3. What is x(t)?
0
Let j = 5 + -2. Suppose -o - 2*q = 1 + 2, o = j*q - 3. Let w(z) = -2*z**3 - 3*z**2 + 3*z - 3. What is w(o)?
15
Let l(w) = w + 1. Let a be l(-3). Let d(y) = -5*y**2 - 7*y - 8. Let o(n) = 6*n**2 + 8*n + 9. Let k(s) = 7*d(s) + 6*o(s). Calculate k(a).
4
Let l(u) = 5*u. Suppose -5*o + 4*h = 5 - 12, -3*o + 12 = -5*h. Determine l(o).
-5
Let n(z) be the third derivative of 1/24*z**4 + 1/60*z**5 - 1/3*z**3 + 0*z + z**2 + 0. Determine n(-3).
4
Suppose -66*r + 15 = -63*r. Let p(k) be the third derivative of -k**5/60 + k**4/12 + k**3 - 2*k**2. What is p(r)?
-9
Suppose 0 = 2*y + y - 15. Let d = -1 + y. Let j(v) = v + 0*v - 2 - 5. Give j(d).
-3
Suppose -5*q + 0*q = 0. Let f be q/((-6)/(-2 + -1)). Let v(i) = f*i - i + 2*i + 4. Give v(-4).
0
Let x = -3 + 10. Let z(q) = 10*q**3 + 25*q**2 + 12*q - 19. Let f(r) = 3*r**3 + 8*r**2 + 4*r - 6. Let p(n) = x*f(n) - 2*z(n). What is p(-4)?
12
Let c(t) = -t - 5*t + 13*t - 4*t. Calculate c(-3).
-9
Suppose p + 2*p = 0. Let t(o) = -1. Let d(s) = s**2 - s + 11. Let l(f) = -d(f) - 3*t(f). What is l(p)?
-8
Let y(w) = w**2 + w. Let u(c) = -2*c**2 - c. Let v(a) = u(a) - 2*y(a). Let p(j) = -j**2. Let t(d) = -5*p(d) + v(d). Suppose 0 = -2*f + 2 + 4. Give t(f).
0
Let l(r) = -r**2 - 8*r - 9. Suppose 4*m + 5 = c - 2*c, 5*c = -3*m + 9. Suppose -c*k + 18 = -3*u, 5 - 25 = 3*u - k. Determine l(u).
-2
Let y be (10/(-3))/(4/6). Suppose -4*g = -5*n - 15, 0 = n - 0*g + 3*g - 16. Let b be (y - -2*1)/n. Let r(s) = -s - 3. Calculate r(b).
0
Let r(q) be the first derivative of -3*q**2/2 + 15. Give r(-1).
3
Let k(n) = 57*n**3 - 121*n**3 + n + 56*n**3. Let p be (-2)/(-3) - 3/(-9). Determine k(p).
-7
Let m(h) = 4*h**3 - 2*h + 3. Let c(u) = 7*u**3 - 4*u + 5. Suppose 5*j + 22 = -4*k + 4*j, 2*j = -2*k - 14. Let q(l) = k*m(l) + 3*c(l). Determine q(-2).
-4
Let j(l) be the second derivative of l**4/4 + l**3/6 - 3*l**2 - l. Let k(f) = -f**2. Let a(y) = j(y) + 2*k(y). Suppose -5*u = 2*t, -2*u = 3*t - 4*t. Give a(t).
-6
Let m(s) be the second derivative of -s**3/3 + 3*s**2 - s. Let o(b) = b**2 + 14*b - 10. Let j be o(-15). Determine m(j).
-4
Let h = -2 - -2. Let k(i) be the first derivative of h*i - 1 - 1/3*i**3 + 1/2*i**2. Calculate k(-1).
-2
Let u(n) = 1 - 2 + 3*n**3 + 0*n**3 - n**3 + 2*n**2. What is u(1)?
3
Let w = -13 + 11. Let q(r) = 3*r + 3. What is q(w)?
-3
Let n(o) be the second derivative of o**5/5 - o**4/12 - o**3/6 + o**2/2 + 2*o. Let k be n(1). Let v(d) = d - k*d - 3*d + 3*d. Calculate v(-4).
8
Let k(w) = w - 3*w**3 - 3 + w + w**3 + w**3. Determine k(2).
-7
Let j(x) = -7*x + 3 + 6*x + 5. Calculate j(7).
1
Let y be (-16)/(-24)*42/4. Let m(g) = -g**3 - 3*g + g + 2*g**2 + y*g - 2*g. Give m(3).
0
Let j(u) = u**3 + 0*u - 4*u + 0*u**2 - 2 + 2*u**2. Suppose -2*q - 4*p - 20 = 0, -3*q + q - 5*p = 20. Let o(n) = -n - 13. Let k be o(q). Determine j(k).
1
Let r be (-1)/3 - (-42)/(-9). Let k(t) = -t**2 - t. Let b(g) = g**3 + g**2 - 4*g + 5. Let j(c) = -b(c) + 4*k(c). Give j(r).
-5
Suppose -4*j + 16 = -16. Let z = j + -4. Let f(t) = -t**3 + 4*t**2 - t - 2. Determine f(z).
-6
Suppose 3*u + 4 = -17. Let z(n) = n**3 + 8*n**2 + 9*n + 10. Calculate z(u).
-4
Let g = 94 + -96. Let c(n) = -12*n - 2. Give c(g).
22
Let b(t) be the third derivative of -t**6/120 + t**5/30 + t**3/2 - 6*t**2. Let g = -6 + 4. Let d be 2 + -1 - (-4 - g). Give b(d).
-6
Let o(t) = -t**3 + 2*t - 4*t**2 - 6*t + 5 - 9. Let r(q) = -q + 4. Let g be r(5). Let z be (4 + g)*4/(-4). Calculate o(z).
-1
Let v(a) = 4*a**3 - a**2 + 2. Let g(r) = -r - 1. Let m(l) = g(l) + v(l). Calculate m(1).
3
Let w(j) = j + 4. Let m be w(3). Let f(v) = v**2 - 4*v + v - 2*v + m*v - 4. Determine f(-3).
-1
Let b(p) = 2 + 2*p - 3*p + 0*p. Suppose -21*i + 22*i = -3. Give b(i).
5
Let g(p) = -p + 7. Let a be g(5). Let x = a - -2. Let r(n) be the second derivative of n**4/12 - n**3 + n**2 + n. Determine r(x).
-6
Let s be (14/(-28))/(2/(-12)). Let n(w) = 0 + 1 + s*w - 4*w. What is n(-4)?
5
Let z = 3 + 6. Suppose 2*t - 5*t = z. Let g(y) be the second derivative of -y**3/2 - y**2 + 2*y. What is g(t)?
7
Let m be (-3)/(-6)*8/2. Let f(s) = -2*s + 2*s - 3*s. What is f(m)?
-6
Let j(h) = 0*h - 4 - 3*h + 5*h. What is j(6)?
8
Let r(d) = 2*d**3 + 3*d**2 + d. Let h be (-8)/20*(8 - 3). Give r(h).
-6
Let r(l) be the second derivative of -l**7/2520 + l**6/360 + l**5/60 - l**4/6 - 2*l. Let k(b) be the third derivative of r(b). Let z = 3 + 0. Determine k(z).
-1
Let i(x) = -2*x + 1. Let u be ((-2)/(-3))/((-2)/(-9)). Give i(u).
-5
Let z(s) = s**3 - 9*s**2 - 10*s + 8. Let f be z(10). Let b(h) = 0*h + 3*h - h - h**2 - f - 11*h. What is b(-6)?
10
Let h(f) = 6*f**3 + f**2 + f + 4. Let k(j) be the first derivative of -j**4/4 - j - 1. Let u(q) = h(q) + 5*k(q). What is u(1)?
2
Let y(f) = -f**2 - 4. Suppose r + 5 = d, -1 - 20 = 5*r - d. Let g(s) = -s - 8. Let z(x) = -2*x - 17. Let c(a) = -9*g(a) + 4*z(a). Let j be c(r). Calculate y(j).
-4
Let u(k) = -k**2 + 2*k + 5. Let m be u(4). Let i(j) be the first derivative of -2*j**2 - j**3 - 1/4*j**4 - 3*j - 6. Calculate i(m).
9
Let u(c) = 5*c - 444 + 5*c + 3*c**2 + 447. Let g = 4 + -2. Let k(l) = l**2 + 5*l + 1. Let n(x) = g*u(x) - 5*k(x). Give n(3).
-5
Let t(q) = -q**3 - 4*q**2 - 2*q - 3. Let f be (-3)/((-6)/(-14)) + 3. Calculate t(f).
5
Let m(s) = -2*s**2 + 6*s - 2. Let h(i) = 2*i**2 - 7*i + 2. Let a(v) = v**2 - 3*v + 1. Let y(q) = -7*a(q) + 3*h(q). Let z(n) = -m(n) + y(n). Give z(4).
-7
Let p = -9 - -11. Let g(z) = -z**p + 0*z + 3 - 3*z + 0*z**2. Calculate g(-5).
-7
Suppose -5 = -2*c + c. Let q(t) = -1 + t**2 - 4*t**2 + c*t + 2*t**2. Give q(5).
-1
Let f(x) = 2*x**2 - 4*x. Let n = 3 - 0. Let q = -5 + n. Let r be (-7)/q - 3/6. What is f(r)?
6
Let q(t) be the third derivative of -t**9/60480 - t**7/5040 - t**5/20 - 2*t**2. Let p(h) be the third derivative of q(h). What is p(2)?
-10
Let c(r) = -r**3 - 6*r**2 - 6*r + 2. Let w = 32 - 37. Give c(w).
7
Let k be (-1)/(-5) + (-72)/(-40). Suppose k + 10 = 4*r. Let y(g) be the third derivative of -g**5/60 + g**4/24 + g**3/2 - g**2. What is y(r)?
-3
Let j(w) = -w**2 + 4*w + 16. Let v be j(4). Let u = -5 + 8. Suppose l + u*z = -2*l + 18, v = 4*z. Let x(t) = 4*t - 3. Calculate x(l).
5
Let u(j) = -12*j**3 + 